 divisor of 2690206 and 278.
278
Calculate the greatest common divisor of 14186 and 57236.
82
What is the greatest common divisor of 476 and 10115?
119
Calculate the greatest common factor of 39583 and 23.
23
What is the highest common divisor of 12 and 12372?
12
What is the greatest common divisor of 3208 and 31679?
401
Calculate the highest common divisor of 2324 and 4431.
7
Calculate the highest common factor of 8930 and 20210.
470
What is the greatest common divisor of 13 and 231816?
13
What is the greatest common factor of 270 and 4705?
5
What is the highest common factor of 143058 and 966?
6
What is the highest common factor of 12516 and 30?
6
What is the highest common factor of 75790 and 33814?
1166
Calculate the highest common divisor of 12070 and 677340.
710
What is the greatest common divisor of 3726776 and 1784?
1784
What is the highest common divisor of 567534 and 77?
11
What is the greatest common factor of 3492887 and 257?
257
What is the highest common divisor of 182 and 3719261?
91
What is the highest common divisor of 942150 and 40?
10
What is the highest common factor of 263959 and 34?
17
Calculate the greatest common divisor of 85 and 13124.
17
Calculate the greatest common factor of 13493060 and 155.
155
Calculate the greatest common factor of 243 and 603936.
81
Calculate the greatest common divisor of 277248 and 15.
3
Calculate the greatest common factor of 128089 and 5369.
767
What is the highest common factor of 44 and 47828?
44
Calculate the greatest common factor of 896 and 17318.
14
Calculate the highest common factor of 1962 and 137667.
327
What is the highest common divisor of 15005 and 15?
5
What is the highest common factor of 4878 and 45?
9
What is the highest common divisor of 400 and 2475?
25
Calculate the greatest common divisor of 122 and 42212.
122
Calculate the highest common factor of 455 and 79800.
35
Calculate the highest common factor of 10 and 54405.
5
Calculate the highest common divisor of 128 and 1646656.
64
Calculate the greatest common divisor of 414 and 71604.
18
What is the greatest common factor of 1548 and 5551128?
1548
Calculate the greatest common divisor of 36 and 3454362.
18
Calculate the highest common divisor of 221 and 86190.
221
What is the highest common divisor of 896273 and 3416?
427
Calculate the greatest common factor of 4566555 and 90.
45
What is the highest common factor of 30 and 3066?
6
Calculate the greatest common factor of 9945 and 2015.
65
What is the greatest common divisor of 385 and 2365979?
77
Calculate the greatest common divisor of 1930325 and 25.
25
Calculate the greatest common divisor of 6 and 3734.
2
What is the highest common divisor of 1269 and 14553?
27
What is the highest common factor of 35319 and 151119?
579
Calculate the highest common divisor of 13 and 31421.
13
Calculate the greatest common divisor of 46527 and 2769.
39
What is the highest common factor of 3119018 and 14?
14
Calculate the highest common factor of 46 and 1792919.
23
Calculate the highest common factor of 2483 and 299.
13
What is the highest common factor of 20657 and 403?
13
What is the highest common factor of 35037 and 4437?
153
Calculate the greatest common divisor of 188 and 6282772.
188
Calculate the highest common factor of 192 and 47136.
96
Calculate the highest common factor of 3760 and 52828.
188
What is the greatest common factor of 40 and 994720?
40
Calculate the highest common factor of 802 and 3591356.
802
Calculate the highest common factor of 52736 and 320.
64
What is the greatest common divisor of 104111 and 14?
7
What is the greatest common divisor of 628 and 24?
4
What is the highest common factor of 86 and 1120279?
43
Calculate the highest common factor of 3051 and 954.
9
Calculate the greatest common factor of 1305 and 54549.
261
What is the greatest common factor of 401448 and 5835?
1167
What is the greatest common divisor of 9243 and 5499?
117
What is the greatest common factor of 3 and 6211?
1
What is the highest common divisor of 6944441 and 14?
7
Calculate the greatest common factor of 1039071 and 88.
11
What is the greatest common divisor of 5225 and 270655?
1045
What is the highest common divisor of 169863 and 123?
123
Calculate the greatest common divisor of 432083 and 67.
67
What is the greatest common divisor of 540566 and 1768?
442
Calculate the greatest common divisor of 97795 and 45.
5
What is the greatest common divisor of 231265 and 6033?
2011
What is the greatest common factor of 17310504 and 24?
24
What is the greatest common factor of 34164 and 1820?
52
What is the greatest common factor of 273 and 53352?
39
Calculate the greatest common factor of 65638 and 518.
74
Calculate the highest common factor of 3134 and 34.
2
Calculate the highest common divisor of 264 and 117282.
66
Calculate the greatest common factor of 171 and 248197.
19
What is the greatest common divisor of 42182 and 1932?
322
Calculate the highest common factor of 195 and 34242.
39
What is the highest common factor of 328738 and 2318?
38
Calculate the greatest common factor of 185 and 57683.
37
What is the greatest common divisor of 4333 and 5971?
7
What is the greatest common divisor of 143 and 1807?
13
What is the highest common factor of 324 and 1731?
3
What is the greatest common divisor of 246 and 34850?
82
Calculate the greatest common factor of 509814 and 36.
18
What is the highest common divisor of 648 and 96?
24
What is the highest common divisor of 33914 and 124?
62
Calculate the greatest common factor of 457175 and 25.
25
Calculate the highest common factor of 7156590 and 10.
10
What is the highest common factor of 47970 and 3536?
26
Calculate the greatest common divisor of 28063 and 4123.
133
What is the greatest common divisor of 90 and 159426?
18
Calculate the greatest common factor of 1000953 and 9.
9
What is the greatest common divisor of 107047 and 334?
167
Calculate the greatest common divisor of 315 and 2023.
7
What is the highest common factor of 39 and 43836?
39
What is the highest common divisor of 29 and 173101?
29
Calculate the highest common factor of 58624 and 1152.
128
Calculate the greatest common divisor of 240 and 690630.
30
Calculate the greatest common divisor of 172926 and 1287.
117
Calculate the highest common divisor of 1034 and 35464.
22
What is the greatest common divisor of 15839 and 188?
47
Calculate the highest common divisor of 13059 and 159.
3
Calculate the highest common factor of 1641 and 744467.
547
What is the greatest common divisor of 33488 and 2?
2
Calculate the greatest common factor of 29267 and 5537.
791
Calculate the greatest common divisor of 2060 and 450.
10
Calculate the highest common factor of 8652 and 336.
84
Calculate the highest common divisor of 44 and 2596.
44
Calculate the greatest common divisor of 425 and 3115675.
425
Calculate the greatest common divisor of 18 and 33378.
6
What is the highest common divisor of 40 and 866720?
40
What is the highest common divisor of 39 and 57837?
39
What is the greatest common divisor of 312 and 806976?
24
What is the greatest common divisor of 705 and 35485?
235
What is the highest common factor of 882 and 25848?
18
Calculate the highest common factor of 321580 and 140.
140
Calculate the highest common divisor of 167211 and 48981.
1689
Calculate the highest common divisor of 56703 and 1722.
123
Calculate the greatest common divisor of 114 and 1347062.
38
What is the highest common factor of 71824 and 28944?
1072
Calculate the greatest common factor of 36203 and 1394.
41
Calculate the highest common divisor of 19670 and 1330.
70
What is the highest common factor of 48780 and 180?
180
Calculate the greatest common factor of 20052 and 8355.
1671
Calculate the greatest common factor of 2301 and 2652.
39
What is the highest common factor of 161 and 131077?
23
What is the greatest common divisor of 2035 and 146080?
55
Calculate the highest common factor of 308632 and 9366.
446
Calculate the highest common divisor of 27 and 1971.
27
What is the highest common divisor of 45 and 727215?
15
What is the greatest common factor of 30 and 1559265?
15
Calculate the highest common factor of 385 and 3955.
35
Calculate the greatest common factor of 3460 and 1711316.
692
Calculate the greatest commo